te the highest common divisor of 5 and 245.
5
Calculate the highest common factor of 22 and 154.
22
Calculate the greatest common divisor of 600 and 80.
40
What is the greatest common factor of 24 and 132?
12
Calculate the greatest common factor of 396 and 180.
36
What is the greatest common factor of 69 and 15?
3
Calculate the greatest common divisor of 273 and 546.
273
What is the highest common factor of 2623 and 43?
43
What is the greatest common factor of 78 and 1755?
39
Calculate the highest common divisor of 88 and 64.
8
Calculate the greatest common divisor of 105 and 75.
15
Calculate the highest common factor of 95 and 1159.
19
Calculate the highest common factor of 2970 and 108.
54
What is the greatest common factor of 91 and 728?
91
What is the highest common divisor of 38 and 2774?
38
Calculate the highest common factor of 2145 and 13.
13
Calculate the greatest common divisor of 204 and 17.
17
What is the greatest common divisor of 111 and 1221?
111
Calculate the highest common divisor of 120 and 270.
30
Calculate the highest common divisor of 2528 and 32.
32
Calculate the highest common divisor of 855 and 90.
45
What is the highest common factor of 143 and 33?
11
Calculate the greatest common factor of 236 and 28.
4
What is the highest common factor of 21 and 217?
7
What is the highest common factor of 161 and 299?
23
What is the greatest common divisor of 45 and 20?
5
Calculate the highest common divisor of 114 and 15.
3
Calculate the greatest common divisor of 100 and 2300.
100
Calculate the greatest common divisor of 30 and 78.
6
What is the greatest common divisor of 24 and 5928?
24
Calculate the highest common divisor of 807 and 4573.
269
What is the highest common divisor of 674 and 2?
2
What is the greatest common factor of 61 and 3538?
61
Calculate the highest common divisor of 140 and 84.
28
Calculate the greatest common divisor of 8 and 92.
4
Calculate the greatest common factor of 4 and 34.
2
Calculate the highest common divisor of 49 and 7.
7
What is the greatest common divisor of 297 and 81?
27
What is the highest common divisor of 33 and 27?
3
What is the greatest common divisor of 14161 and 119?
119
What is the greatest common factor of 76 and 266?
38
Calculate the greatest common factor of 12532 and 26.
26
Calculate the highest common divisor of 27 and 1566.
27
What is the highest common factor of 2964 and 20?
4
Calculate the highest common factor of 63 and 2856.
21
Calculate the greatest common factor of 99 and 369.
9
What is the greatest common divisor of 44 and 42020?
44
What is the greatest common factor of 756 and 54?
54
Calculate the highest common factor of 54549 and 174.
87
What is the greatest common divisor of 6 and 15?
3
What is the greatest common divisor of 3200 and 700?
100
What is the greatest common factor of 72 and 840?
24
What is the greatest common factor of 559 and 129?
43
Calculate the highest common divisor of 1728 and 486.
54
Calculate the greatest common divisor of 26181 and 9.
9
Calculate the greatest common divisor of 57 and 703.
19
Calculate the highest common factor of 26253 and 9.
9
Calculate the greatest common divisor of 63 and 1827.
63
Calculate the highest common factor of 222 and 3.
3
What is the greatest common divisor of 7600 and 20?
20
Calculate the greatest common factor of 10 and 65.
5
Calculate the highest common divisor of 134 and 2.
2
What is the highest common divisor of 60 and 3750?
30
Calculate the highest common factor of 2121 and 63.
21
What is the highest common divisor of 42 and 1946?
14
Calculate the greatest common factor of 551 and 19.
19
Calculate the highest common divisor of 1309 and 33.
11
Calculate the greatest common factor of 60 and 132.
12
What is the greatest common factor of 20 and 310?
10
Calculate the greatest common factor of 64 and 512.
64
Calculate the highest common factor of 10 and 535.
5
Calculate the highest common divisor of 2118 and 30.
6
What is the greatest common divisor of 96 and 108?
12
What is the highest common divisor of 122 and 671?
61
Calculate the greatest common factor of 290 and 638.
58
What is the highest common factor of 1064 and 56?
56
Calculate the greatest common factor of 567 and 729.
81
Calculate the greatest common divisor of 5457 and 51.
51
Calculate the highest common divisor of 19 and 5.
1
What is the highest common factor of 264 and 4136?
88
What is the greatest common divisor of 15 and 4155?
15
What is the highest common divisor of 36 and 828?
36
What is the highest common factor of 440 and 260?
20
What is the greatest common divisor of 11 and 1452?
11
Calculate the highest common factor of 155 and 80.
5
Calculate the highest common factor of 40 and 56.
8
Calculate the greatest common factor of 88 and 1562.
22
Calculate the greatest common factor of 30 and 147.
3
What is the highest common divisor of 249 and 69?
3
What is the greatest common factor of 156 and 8268?
156
What is the greatest common factor of 45 and 63?
9
What is the greatest common divisor of 21480 and 240?
120
Calculate the highest common divisor of 19750 and 25.
25
What is the highest common factor of 2831 and 1937?
149
What is the greatest common divisor of 406 and 42?
14
What is the highest common factor of 98 and 3871?
49
Calculate the greatest common factor of 3 and 474.
3
What is the greatest common factor of 4 and 35?
1
Calculate the highest common divisor of 256 and 1264.
16
Calculate the greatest common divisor of 252 and 72.
36
What is the greatest common factor of 396 and 288?
36
What is the greatest common divisor of 16 and 656?
16
What is the highest common factor of 2585 and 423?
47
What is the highest common factor of 11842 and 186?
62
Calculate the highest common divisor of 69 and 115.
23
Calculate the highest common factor of 481 and 13.
13
What is the highest common factor of 123 and 123?
123
Calculate the highest common divisor of 138 and 460.
46
What is the greatest common factor of 39 and 33?
3
What is the greatest common divisor of 425 and 1530?
85
Calculate the greatest common divisor of 1380 and 150.
30
What is the greatest common divisor of 279 and 18?
9
What is the highest common factor of 522 and 116?
58
Calculate the greatest common factor of 2 and 74.
2
What is the highest common factor of 27 and 6?
3
What is the greatest common factor of 14 and 322?
14
Calculate the highest common divisor of 844 and 20.
4
Calculate the greatest common factor of 82111 and 157.
157
What is the highest common factor of 5 and 85?
5
Calculate the greatest common divisor of 608 and 64.
32
Calculate the highest common factor of 135 and 1535.
5
What is the highest common divisor of 63 and 27?
9
What is the highest common factor of 1888 and 59?
59
What is the greatest common divisor of 138 and 22?
2
Calculate the highest common divisor of 2645 and 1265.
115
Calculate the greatest common divisor of 1600 and 425.
25
What is the greatest common divisor of 19440 and 8?
8
What is the greatest common factor of 7425 and 189?
27
Calculate the highest common factor of 36 and 296.
4
What is the greatest common factor of 110 and 869?
11
Calculate the greatest common factor of 10 and 106.
2
Calculate the greatest common factor of 14 and 16.
2
Calculate the highest common factor of 8734 and 1985.
397
Calculate the highest common divisor of 429 and 12207.
39
What is the highest common divisor of 51 and 221?
17
What is the greatest common divisor of 66 and 858?
66
Calculate the greatest common factor of 2190 and 30.
30
Calculate the highest common divisor of 112 and 308.
28
What is the highest common factor of 2 and 2?
2
What is the highest common factor of 5395 and 260?
65
Calculate the greatest common factor of 1078 and 2744.
98
Calculate the highest common divisor of 17 and 2.
1
Calculate the highest common factor of 7437 and 111.
111
Calculate the highest common factor of 30 and 50.
10
Calculate the highest common factor of 69 and 4646.
23
What is the highest common divisor of 21 and 189?
21
Calculate the highest common divisor of 6 and 54.
6
What is the greatest common factor of 60 and 48?
12
Calculate the greatest common factor of 2684 and 305.
61
Calculate the greatest common factor of 11487 and 63.
21
What is the greatest common divisor of 1408 and 8